{"id":4948,"date":"2026-05-06T00:37:40","date_gmt":"2026-05-06T00:37:40","guid":{"rendered":"http:\/\/toquemonos.com\/index.php\/product\/waterdrop-anal-balls-bolas-anales\/"},"modified":"2026-05-06T00:37:40","modified_gmt":"2026-05-06T00:37:40","slug":"waterdrop-anal-balls-bolas-anales","status":"publish","type":"product","link":"https:\/\/toquemonos.com\/index.php\/product\/waterdrop-anal-balls-bolas-anales\/","title":{"rendered":"Waterdrop Anal Balls &#8211; Bolas anales"},"content":{"rendered":"<p><strong>Precio Sugerido: S\/ 90.00<\/strong><\/p>\n<p>Set de cuentas anales de silicona con dise\u00f1o progresivo, ideal para una estimulaci\u00f3n c\u00f3moda y segura.<\/p>\n<ul>\n<li>Material: Silicona<\/li>\n<li>Largo: 33.5 cm<\/li>\n<li>Ancho: 2.8 cm<\/li>\n<li>Color: Azul<\/li>\n<li>Funciones: Tama\u00f1o progresivo, anillo de seguridad para f\u00e1cil extracci\u00f3n, resistente al agua, f\u00e1cil limpieza<\/li>\n<\/ul>\n","protected":false},"excerpt":{"rendered":"<p>Precio Sugerido: S\/ 90.00 Set de cuentas anales de silicona con dise\u00f1o progresivo, ideal para una estimulaci\u00f3n c\u00f3moda y segura. Material: Silicona Largo: 33.5 cm Ancho: 2.8 cm Color: Azul Funciones: Tama\u00f1o progresivo, anillo de seguridad para f\u00e1cil extracci\u00f3n, resistente al agua, f\u00e1cil limpieza<\/p>\n","protected":false},"featured_media":4952,"comment_status":"open","ping_status":"closed","template":"","meta":[],"product_brand":[],"product_cat":[228,196],"product_tag":[],"class_list":{"0":"post-4948","1":"product","2":"type-product","3":"status-publish","4":"has-post-thumbnail","6":"product_cat-anales","7":"product_cat-bolas-anales","9":"first","10":"instock","11":"shipping-taxable","12":"purchasable","13":"product-type-simple"},"_links":{"self":[{"href":"https:\/\/toquemonos.com\/index.php\/wp-json\/wp\/v2\/product\/4948","targetHints":{"allow":["GET"]}}],"collection":[{"href":"https:\/\/toquemonos.com\/index.php\/wp-json\/wp\/v2\/product"}],"about":[{"href":"https:\/\/toquemonos.com\/index.php\/wp-json\/wp\/v2\/types\/product"}],"replies":[{"embeddable":true,"href":"https:\/\/toquemonos.com\/index.php\/wp-json\/wp\/v2\/comments?post=4948"}],"wp:featuredmedia":[{"embeddable":true,"href":"https:\/\/toquemonos.com\/index.php\/wp-json\/wp\/v2\/media\/4952"}],"wp:attachment":[{"href":"https:\/\/toquemonos.com\/index.php\/wp-json\/wp\/v2\/media?parent=4948"}],"wp:term":[{"taxonomy":"product_brand","embeddable":true,"href":"https:\/\/toquemonos.com\/index.php\/wp-json\/wp\/v2\/product_brand?post=4948"},{"taxonomy":"product_cat","embeddable":true,"href":"https:\/\/toquemonos.com\/index.php\/wp-json\/wp\/v2\/product_cat?post=4948"},{"taxonomy":"product_tag","embeddable":true,"href":"https:\/\/toquemonos.com\/index.php\/wp-json\/wp\/v2\/product_tag?post=4948"}],"curies":[{"name":"wp","href":"https:\/\/api.w.org\/{rel}","templated":true}]}}