{"id":4902,"date":"2026-05-06T00:37:33","date_gmt":"2026-05-06T00:37:33","guid":{"rendered":"http:\/\/toquemonos.com\/index.php\/product\/luther-vibrador-clasico\/"},"modified":"2026-05-06T00:37:33","modified_gmt":"2026-05-06T00:37:33","slug":"luther-vibrador-clasico","status":"publish","type":"product","link":"https:\/\/toquemonos.com\/index.php\/product\/luther-vibrador-clasico\/","title":{"rendered":"LUTHER &#8211; Vibrador cl\u00e1sico"},"content":{"rendered":"<p><strong>Precio Sugerido: S\/ 120.00<\/strong><\/p>\n<p>Vibrador de silicona con dise\u00f1o suave y estilizado, ideal para a\u00f1adir variedad a tu vida \u00edntima. Su punta redondeada y forma ergon\u00f3mica brindan una estimulaci\u00f3n placentera, mientras que sus m\u00faltiples funciones permiten una experiencia diferente en cada uso.<\/p>\n<ul>\n<li>Material: Silicona y ABS<\/li>\n<li>Largo: 12.5 cm<\/li>\n<li>Ancho: 3 cm<\/li>\n<li>Color: Rosa<\/li>\n<li>Funciones: 30 modos de vibraci\u00f3n<\/li>\n<\/ul>\n","protected":false},"excerpt":{"rendered":"<p>Precio Sugerido: S\/ 120.00 Vibrador de silicona con dise\u00f1o suave y estilizado, ideal para a\u00f1adir variedad a tu vida \u00edntima. Su punta redondeada y forma ergon\u00f3mica brindan una estimulaci\u00f3n placentera, mientras que sus m\u00faltiples funciones permiten una experiencia diferente en cada uso. Material: Silicona y ABS Largo: 12.5 cm Ancho: 3 cm Color: Rosa Funciones: [&hellip;]<\/p>\n","protected":false},"featured_media":4995,"comment_status":"open","ping_status":"closed","template":"","meta":[],"product_brand":[],"product_cat":[211,186],"product_tag":[],"class_list":{"0":"post-4902","1":"product","2":"type-product","3":"status-publish","4":"has-post-thumbnail","6":"product_cat-vibrador-clasico","7":"product_cat-vibradores","9":"first","10":"instock","11":"shipping-taxable","12":"purchasable","13":"product-type-simple"},"_links":{"self":[{"href":"https:\/\/toquemonos.com\/index.php\/wp-json\/wp\/v2\/product\/4902","targetHints":{"allow":["GET"]}}],"collection":[{"href":"https:\/\/toquemonos.com\/index.php\/wp-json\/wp\/v2\/product"}],"about":[{"href":"https:\/\/toquemonos.com\/index.php\/wp-json\/wp\/v2\/types\/product"}],"replies":[{"embeddable":true,"href":"https:\/\/toquemonos.com\/index.php\/wp-json\/wp\/v2\/comments?post=4902"}],"wp:featuredmedia":[{"embeddable":true,"href":"https:\/\/toquemonos.com\/index.php\/wp-json\/wp\/v2\/media\/4995"}],"wp:attachment":[{"href":"https:\/\/toquemonos.com\/index.php\/wp-json\/wp\/v2\/media?parent=4902"}],"wp:term":[{"taxonomy":"product_brand","embeddable":true,"href":"https:\/\/toquemonos.com\/index.php\/wp-json\/wp\/v2\/product_brand?post=4902"},{"taxonomy":"product_cat","embeddable":true,"href":"https:\/\/toquemonos.com\/index.php\/wp-json\/wp\/v2\/product_cat?post=4902"},{"taxonomy":"product_tag","embeddable":true,"href":"https:\/\/toquemonos.com\/index.php\/wp-json\/wp\/v2\/product_tag?post=4902"}],"curies":[{"name":"wp","href":"https:\/\/api.w.org\/{rel}","templated":true}]}}