{"id":4889,"date":"2026-05-06T00:37:31","date_gmt":"2026-05-06T00:37:31","guid":{"rendered":"http:\/\/toquemonos.com\/index.php\/product\/skyler-blue-vibrador-de-clitoris\/"},"modified":"2026-05-06T00:37:31","modified_gmt":"2026-05-06T00:37:31","slug":"skyler-blue-vibrador-de-clitoris","status":"publish","type":"product","link":"https:\/\/toquemonos.com\/index.php\/product\/skyler-blue-vibrador-de-clitoris\/","title":{"rendered":"Skyler Blue &#8211; Vibrador de cl\u00edtoris"},"content":{"rendered":"<p><strong>Precio Sugerido: S\/ 280.00<\/strong><\/p>\n<p>Varita vibradora potente con cabezal flexible, m\u00faltiples modos y pantalla LED para un control preciso de la estimulaci\u00f3n.<\/p>\n<ul>\n<li>Material: Silicona y ABS<\/li>\n<li>Largo: 22.4 cm<\/li>\n<li>Ancho: 5.5 cm<\/li>\n<li>Color: Negro<\/li>\n<li>Funciones: 10 modos de vibraci\u00f3n, 9 niveles de velocidad, pantalla LED<\/li>\n<\/ul>\n","protected":false},"excerpt":{"rendered":"<p>Precio Sugerido: S\/ 280.00 Varita vibradora potente con cabezal flexible, m\u00faltiples modos y pantalla LED para un control preciso de la estimulaci\u00f3n. Material: Silicona y ABS Largo: 22.4 cm Ancho: 5.5 cm Color: Negro Funciones: 10 modos de vibraci\u00f3n, 9 niveles de velocidad, pantalla LED<\/p>\n","protected":false},"featured_media":5005,"comment_status":"open","ping_status":"closed","template":"","meta":[],"product_brand":[],"product_cat":[199,186],"product_tag":[],"class_list":{"0":"post-4889","1":"product","2":"type-product","3":"status-publish","4":"has-post-thumbnail","6":"product_cat-vibrador-de-clitoris","7":"product_cat-vibradores","9":"first","10":"instock","11":"shipping-taxable","12":"purchasable","13":"product-type-simple"},"_links":{"self":[{"href":"https:\/\/toquemonos.com\/index.php\/wp-json\/wp\/v2\/product\/4889","targetHints":{"allow":["GET"]}}],"collection":[{"href":"https:\/\/toquemonos.com\/index.php\/wp-json\/wp\/v2\/product"}],"about":[{"href":"https:\/\/toquemonos.com\/index.php\/wp-json\/wp\/v2\/types\/product"}],"replies":[{"embeddable":true,"href":"https:\/\/toquemonos.com\/index.php\/wp-json\/wp\/v2\/comments?post=4889"}],"wp:featuredmedia":[{"embeddable":true,"href":"https:\/\/toquemonos.com\/index.php\/wp-json\/wp\/v2\/media\/5005"}],"wp:attachment":[{"href":"https:\/\/toquemonos.com\/index.php\/wp-json\/wp\/v2\/media?parent=4889"}],"wp:term":[{"taxonomy":"product_brand","embeddable":true,"href":"https:\/\/toquemonos.com\/index.php\/wp-json\/wp\/v2\/product_brand?post=4889"},{"taxonomy":"product_cat","embeddable":true,"href":"https:\/\/toquemonos.com\/index.php\/wp-json\/wp\/v2\/product_cat?post=4889"},{"taxonomy":"product_tag","embeddable":true,"href":"https:\/\/toquemonos.com\/index.php\/wp-json\/wp\/v2\/product_tag?post=4889"}],"curies":[{"name":"wp","href":"https:\/\/api.w.org\/{rel}","templated":true}]}}