{"id":4854,"date":"2026-05-06T00:37:26","date_gmt":"2026-05-06T00:37:26","guid":{"rendered":"http:\/\/toquemonos.com\/index.php\/product\/ultra-passionate-harnes-vibrador-lesbico-2\/"},"modified":"2026-05-06T00:37:26","modified_gmt":"2026-05-06T00:37:26","slug":"ultra-passionate-harnes-vibrador-lesbico-2","status":"publish","type":"product","link":"https:\/\/toquemonos.com\/index.php\/product\/ultra-passionate-harnes-vibrador-lesbico-2\/","title":{"rendered":"ULTRA PASSIONATE HARNES &#8211; Vibrador l\u00e9sbico"},"content":{"rendered":"<p><strong>Precio Sugerido: S\/ 220.00<\/strong><\/p>\n<p>Strap-on doble vibrador para penetraci\u00f3n simult\u00e1nea, con dildo interior para estimular al usuario y arn\u00e9s c\u00f3modo que deja las manos libres.<\/p>\n<ul>\n<li>Material: PVC y ABS<\/li>\n<li>Largo: 17.5 cm<\/li>\n<li>Ancho: 4.5 cm<\/li>\n<li>Color: Piel<\/li>\n<li>Funciones: Vibraci\u00f3n, doble penetraci\u00f3n, arn\u00e9s ajustable<\/li>\n<\/ul>\n","protected":false},"excerpt":{"rendered":"<p>Precio Sugerido: S\/ 220.00 Strap-on doble vibrador para penetraci\u00f3n simult\u00e1nea, con dildo interior para estimular al usuario y arn\u00e9s c\u00f3modo que deja las manos libres. Material: PVC y ABS Largo: 17.5 cm Ancho: 4.5 cm Color: Piel Funciones: Vibraci\u00f3n, doble penetraci\u00f3n, arn\u00e9s ajustable<\/p>\n","protected":false},"featured_media":5040,"comment_status":"open","ping_status":"closed","template":"","meta":[],"product_brand":[],"product_cat":[208,186],"product_tag":[],"class_list":{"0":"post-4854","1":"product","2":"type-product","3":"status-publish","4":"has-post-thumbnail","6":"product_cat-vibrador-lesbico","7":"product_cat-vibradores","9":"first","10":"instock","11":"shipping-taxable","12":"purchasable","13":"product-type-simple"},"_links":{"self":[{"href":"https:\/\/toquemonos.com\/index.php\/wp-json\/wp\/v2\/product\/4854","targetHints":{"allow":["GET"]}}],"collection":[{"href":"https:\/\/toquemonos.com\/index.php\/wp-json\/wp\/v2\/product"}],"about":[{"href":"https:\/\/toquemonos.com\/index.php\/wp-json\/wp\/v2\/types\/product"}],"replies":[{"embeddable":true,"href":"https:\/\/toquemonos.com\/index.php\/wp-json\/wp\/v2\/comments?post=4854"}],"wp:featuredmedia":[{"embeddable":true,"href":"https:\/\/toquemonos.com\/index.php\/wp-json\/wp\/v2\/media\/5040"}],"wp:attachment":[{"href":"https:\/\/toquemonos.com\/index.php\/wp-json\/wp\/v2\/media?parent=4854"}],"wp:term":[{"taxonomy":"product_brand","embeddable":true,"href":"https:\/\/toquemonos.com\/index.php\/wp-json\/wp\/v2\/product_brand?post=4854"},{"taxonomy":"product_cat","embeddable":true,"href":"https:\/\/toquemonos.com\/index.php\/wp-json\/wp\/v2\/product_cat?post=4854"},{"taxonomy":"product_tag","embeddable":true,"href":"https:\/\/toquemonos.com\/index.php\/wp-json\/wp\/v2\/product_tag?post=4854"}],"curies":[{"name":"wp","href":"https:\/\/api.w.org\/{rel}","templated":true}]}}