{"id":4837,"date":"2026-05-06T00:37:24","date_gmt":"2026-05-06T00:37:24","guid":{"rendered":"http:\/\/toquemonos.com\/index.php\/product\/ultra-passionate-harness-vibrating-vibrador-lesbico\/"},"modified":"2026-05-06T00:37:24","modified_gmt":"2026-05-06T00:37:24","slug":"ultra-passionate-harness-vibrating-vibrador-lesbico","status":"publish","type":"product","link":"https:\/\/toquemonos.com\/index.php\/product\/ultra-passionate-harness-vibrating-vibrador-lesbico\/","title":{"rendered":"ULTRA PASSIONATE HARNESS VIBRATING &#8211; Vibrador l\u00e9sbico"},"content":{"rendered":"<p><strong>Precio Sugerido: S\/ 170.00<\/strong><\/p>\n<p>Dildo strap-on con arn\u00e9s ajustable, dise\u00f1o realista con textura venosa y cabeza definida. Incorpora funci\u00f3n de rotaci\u00f3n y vibrador silencioso de m\u00faltiples velocidades para una estimulaci\u00f3n intensa.<\/p>\n<ul>\n<li>Material: PVC y ABS<\/li>\n<li>Largo: 20 cm<\/li>\n<li>Ancho: 3.5 cm<\/li>\n<li>Color: Piel<\/li>\n<li>Funciones: Rotaci\u00f3n, vibraci\u00f3n multivelocidad, arn\u00e9s ajustable<\/li>\n<\/ul>\n","protected":false},"excerpt":{"rendered":"<p>Precio Sugerido: S\/ 170.00 Dildo strap-on con arn\u00e9s ajustable, dise\u00f1o realista con textura venosa y cabeza definida. Incorpora funci\u00f3n de rotaci\u00f3n y vibrador silencioso de m\u00faltiples velocidades para una estimulaci\u00f3n intensa. Material: PVC y ABS Largo: 20 cm Ancho: 3.5 cm Color: Piel Funciones: Rotaci\u00f3n, vibraci\u00f3n multivelocidad, arn\u00e9s ajustable<\/p>\n","protected":false},"featured_media":5055,"comment_status":"open","ping_status":"closed","template":"","meta":[],"product_brand":[],"product_cat":[208,186],"product_tag":[],"class_list":{"0":"post-4837","1":"product","2":"type-product","3":"status-publish","4":"has-post-thumbnail","6":"product_cat-vibrador-lesbico","7":"product_cat-vibradores","9":"first","10":"instock","11":"shipping-taxable","12":"purchasable","13":"product-type-simple"},"_links":{"self":[{"href":"https:\/\/toquemonos.com\/index.php\/wp-json\/wp\/v2\/product\/4837","targetHints":{"allow":["GET"]}}],"collection":[{"href":"https:\/\/toquemonos.com\/index.php\/wp-json\/wp\/v2\/product"}],"about":[{"href":"https:\/\/toquemonos.com\/index.php\/wp-json\/wp\/v2\/types\/product"}],"replies":[{"embeddable":true,"href":"https:\/\/toquemonos.com\/index.php\/wp-json\/wp\/v2\/comments?post=4837"}],"wp:featuredmedia":[{"embeddable":true,"href":"https:\/\/toquemonos.com\/index.php\/wp-json\/wp\/v2\/media\/5055"}],"wp:attachment":[{"href":"https:\/\/toquemonos.com\/index.php\/wp-json\/wp\/v2\/media?parent=4837"}],"wp:term":[{"taxonomy":"product_brand","embeddable":true,"href":"https:\/\/toquemonos.com\/index.php\/wp-json\/wp\/v2\/product_brand?post=4837"},{"taxonomy":"product_cat","embeddable":true,"href":"https:\/\/toquemonos.com\/index.php\/wp-json\/wp\/v2\/product_cat?post=4837"},{"taxonomy":"product_tag","embeddable":true,"href":"https:\/\/toquemonos.com\/index.php\/wp-json\/wp\/v2\/product_tag?post=4837"}],"curies":[{"name":"wp","href":"https:\/\/api.w.org\/{rel}","templated":true}]}}