{"id":4832,"date":"2026-05-06T00:37:22","date_gmt":"2026-05-06T00:37:22","guid":{"rendered":"http:\/\/toquemonos.com\/index.php\/product\/dildo-brown-dildos-realisticos-3\/"},"modified":"2026-05-06T00:37:22","modified_gmt":"2026-05-06T00:37:22","slug":"dildo-brown-dildos-realisticos-3","status":"publish","type":"product","link":"https:\/\/toquemonos.com\/index.php\/product\/dildo-brown-dildos-realisticos-3\/","title":{"rendered":"DILDO BROWN &#8211; Dildos real\u00edsticos"},"content":{"rendered":"<p><strong>Precio Sugerido: S\/ 150.00<\/strong><\/p>\n<p>Dildo realista fabricado en TPR con n\u00facleo flexible tipo v\u00e9rtebra y piel deslizante, dise\u00f1ado para una estimulaci\u00f3n m\u00e1s natural y precisa. Incluye base con ventosa para uso manos libres.<\/p>\n<ul>\n<li>Material: TPR<\/li>\n<li>Largo: 21.4 cm<\/li>\n<li>Ancho: 4.4 cm<\/li>\n<li>Color: Trigue\u00f1o<\/li>\n<li>Funciones: Piel deslizante (slide skin), flexible (bendable), ventosa de succi\u00f3n<\/li>\n<\/ul>\n","protected":false},"excerpt":{"rendered":"<p>Precio Sugerido: S\/ 150.00 Dildo realista fabricado en TPR con n\u00facleo flexible tipo v\u00e9rtebra y piel deslizante, dise\u00f1ado para una estimulaci\u00f3n m\u00e1s natural y precisa. Incluye base con ventosa para uso manos libres. Material: TPR Largo: 21.4 cm Ancho: 4.4 cm Color: Trigue\u00f1o Funciones: Piel deslizante (slide skin), flexible (bendable), ventosa de succi\u00f3n<\/p>\n","protected":false},"featured_media":5069,"comment_status":"open","ping_status":"closed","template":"","meta":[],"product_brand":[],"product_cat":[229,209],"product_tag":[],"class_list":{"0":"post-4832","1":"product","2":"type-product","3":"status-publish","4":"has-post-thumbnail","6":"product_cat-dildos","7":"product_cat-dildos-realisticos","9":"first","10":"instock","11":"shipping-taxable","12":"purchasable","13":"product-type-simple"},"_links":{"self":[{"href":"https:\/\/toquemonos.com\/index.php\/wp-json\/wp\/v2\/product\/4832","targetHints":{"allow":["GET"]}}],"collection":[{"href":"https:\/\/toquemonos.com\/index.php\/wp-json\/wp\/v2\/product"}],"about":[{"href":"https:\/\/toquemonos.com\/index.php\/wp-json\/wp\/v2\/types\/product"}],"replies":[{"embeddable":true,"href":"https:\/\/toquemonos.com\/index.php\/wp-json\/wp\/v2\/comments?post=4832"}],"wp:featuredmedia":[{"embeddable":true,"href":"https:\/\/toquemonos.com\/index.php\/wp-json\/wp\/v2\/media\/5069"}],"wp:attachment":[{"href":"https:\/\/toquemonos.com\/index.php\/wp-json\/wp\/v2\/media?parent=4832"}],"wp:term":[{"taxonomy":"product_brand","embeddable":true,"href":"https:\/\/toquemonos.com\/index.php\/wp-json\/wp\/v2\/product_brand?post=4832"},{"taxonomy":"product_cat","embeddable":true,"href":"https:\/\/toquemonos.com\/index.php\/wp-json\/wp\/v2\/product_cat?post=4832"},{"taxonomy":"product_tag","embeddable":true,"href":"https:\/\/toquemonos.com\/index.php\/wp-json\/wp\/v2\/product_tag?post=4832"}],"curies":[{"name":"wp","href":"https:\/\/api.w.org\/{rel}","templated":true}]}}