{"id":4693,"date":"2026-05-06T00:36:59","date_gmt":"2026-05-06T00:36:59","guid":{"rendered":"http:\/\/toquemonos.com\/index.php\/product\/vibration-cock-ring-anillos-2\/"},"modified":"2026-05-06T00:36:59","modified_gmt":"2026-05-06T00:36:59","slug":"vibration-cock-ring-anillos-2","status":"publish","type":"product","link":"https:\/\/toquemonos.com\/index.php\/product\/vibration-cock-ring-anillos-2\/","title":{"rendered":"Vibration Cock Ring &#8211; Anillos"},"content":{"rendered":"<p><strong>Precio sugerido: S\/ 180<\/strong><\/p>\n<p>Vibration Cock Ring<\/p>\n<ul>\n<li><strong>Funcionamiento:<\/strong> Anillo de silicona que se ajusta a la base del pene para aumentar grosor y proporcionar estimulaci\u00f3n a la pareja durante el sexo.<\/li>\n<li><strong>Funciones:<\/strong> 7 funciones de vibraci\u00f3n, funci\u00f3n de memoria que retiene la \u00faltima configuraci\u00f3n, estimulaci\u00f3n directa del cl\u00edtoris durante cada movimiento.<\/li>\n<li><strong>Material:<\/strong> Silicona suave y segura para el cuerpo<\/li>\n<li><strong>Alimentaci\u00f3n:<\/strong> Recargable por USB<\/li>\n<\/ul>\n","protected":false},"excerpt":{"rendered":"<p>Precio sugerido: S\/ 180 Vibration Cock Ring Funcionamiento: Anillo de silicona que se ajusta a la base del pene para aumentar grosor y proporcionar estimulaci\u00f3n a la pareja durante el sexo. Funciones: 7 funciones de vibraci\u00f3n, funci\u00f3n de memoria que retiene la \u00faltima configuraci\u00f3n, estimulaci\u00f3n directa del cl\u00edtoris durante cada movimiento. Material: Silicona suave y [&hellip;]<\/p>\n","protected":false},"featured_media":5202,"comment_status":"open","ping_status":"closed","template":"","meta":[],"product_brand":[],"product_cat":[207],"product_tag":[],"class_list":{"0":"post-4693","1":"product","2":"type-product","3":"status-publish","4":"has-post-thumbnail","6":"product_cat-anillos","8":"first","9":"instock","10":"shipping-taxable","11":"purchasable","12":"product-type-simple"},"_links":{"self":[{"href":"https:\/\/toquemonos.com\/index.php\/wp-json\/wp\/v2\/product\/4693","targetHints":{"allow":["GET"]}}],"collection":[{"href":"https:\/\/toquemonos.com\/index.php\/wp-json\/wp\/v2\/product"}],"about":[{"href":"https:\/\/toquemonos.com\/index.php\/wp-json\/wp\/v2\/types\/product"}],"replies":[{"embeddable":true,"href":"https:\/\/toquemonos.com\/index.php\/wp-json\/wp\/v2\/comments?post=4693"}],"wp:featuredmedia":[{"embeddable":true,"href":"https:\/\/toquemonos.com\/index.php\/wp-json\/wp\/v2\/media\/5202"}],"wp:attachment":[{"href":"https:\/\/toquemonos.com\/index.php\/wp-json\/wp\/v2\/media?parent=4693"}],"wp:term":[{"taxonomy":"product_brand","embeddable":true,"href":"https:\/\/toquemonos.com\/index.php\/wp-json\/wp\/v2\/product_brand?post=4693"},{"taxonomy":"product_cat","embeddable":true,"href":"https:\/\/toquemonos.com\/index.php\/wp-json\/wp\/v2\/product_cat?post=4693"},{"taxonomy":"product_tag","embeddable":true,"href":"https:\/\/toquemonos.com\/index.php\/wp-json\/wp\/v2\/product_tag?post=4693"}],"curies":[{"name":"wp","href":"https:\/\/api.w.org\/{rel}","templated":true}]}}