{"id":4690,"date":"2026-05-06T00:36:58","date_gmt":"2026-05-06T00:36:58","guid":{"rendered":"http:\/\/toquemonos.com\/index.php\/product\/vibration-cock-ring-anillos\/"},"modified":"2026-05-06T00:36:58","modified_gmt":"2026-05-06T00:36:58","slug":"vibration-cock-ring-anillos","status":"publish","type":"product","link":"https:\/\/toquemonos.com\/index.php\/product\/vibration-cock-ring-anillos\/","title":{"rendered":"Vibration Cock Ring &#8211; Anillos"},"content":{"rendered":"<p><strong>Precio sugerido: S\/ 170<\/strong><\/p>\n<p>Vibration Cock Ring<\/p>\n<ul>\n<li><strong>Funcionamiento:<\/strong> Anillo para el pene que ajusta la base para mantener erecci\u00f3n firme y duradera, incluye estimulador tipo rabbit para placer clitoriano durante el sexo.<\/li>\n<li><strong>Funciones:<\/strong> 7 funciones de vibraci\u00f3n para estimulaci\u00f3n simult\u00e1nea de ambos, mejora la experiencia sexual y orgasmos m\u00e1s intensos.<\/li>\n<li><strong>Material:<\/strong> Silicona suave y segura para el cuerpo<\/li>\n<li><strong>Alimentaci\u00f3n:<\/strong> Recargable por USB<\/li>\n<\/ul>\n","protected":false},"excerpt":{"rendered":"<p>Precio sugerido: S\/ 170 Vibration Cock Ring Funcionamiento: Anillo para el pene que ajusta la base para mantener erecci\u00f3n firme y duradera, incluye estimulador tipo rabbit para placer clitoriano durante el sexo. Funciones: 7 funciones de vibraci\u00f3n para estimulaci\u00f3n simult\u00e1nea de ambos, mejora la experiencia sexual y orgasmos m\u00e1s intensos. Material: Silicona suave y segura [&hellip;]<\/p>\n","protected":false},"featured_media":5210,"comment_status":"open","ping_status":"closed","template":"","meta":[],"product_brand":[],"product_cat":[207],"product_tag":[],"class_list":{"0":"post-4690","1":"product","2":"type-product","3":"status-publish","4":"has-post-thumbnail","6":"product_cat-anillos","8":"first","9":"instock","10":"shipping-taxable","11":"purchasable","12":"product-type-simple"},"_links":{"self":[{"href":"https:\/\/toquemonos.com\/index.php\/wp-json\/wp\/v2\/product\/4690","targetHints":{"allow":["GET"]}}],"collection":[{"href":"https:\/\/toquemonos.com\/index.php\/wp-json\/wp\/v2\/product"}],"about":[{"href":"https:\/\/toquemonos.com\/index.php\/wp-json\/wp\/v2\/types\/product"}],"replies":[{"embeddable":true,"href":"https:\/\/toquemonos.com\/index.php\/wp-json\/wp\/v2\/comments?post=4690"}],"wp:featuredmedia":[{"embeddable":true,"href":"https:\/\/toquemonos.com\/index.php\/wp-json\/wp\/v2\/media\/5210"}],"wp:attachment":[{"href":"https:\/\/toquemonos.com\/index.php\/wp-json\/wp\/v2\/media?parent=4690"}],"wp:term":[{"taxonomy":"product_brand","embeddable":true,"href":"https:\/\/toquemonos.com\/index.php\/wp-json\/wp\/v2\/product_brand?post=4690"},{"taxonomy":"product_cat","embeddable":true,"href":"https:\/\/toquemonos.com\/index.php\/wp-json\/wp\/v2\/product_cat?post=4690"},{"taxonomy":"product_tag","embeddable":true,"href":"https:\/\/toquemonos.com\/index.php\/wp-json\/wp\/v2\/product_tag?post=4690"}],"curies":[{"name":"wp","href":"https:\/\/api.w.org\/{rel}","templated":true}]}}