{"id":4682,"date":"2026-05-06T00:36:57","date_gmt":"2026-05-06T00:36:57","guid":{"rendered":"http:\/\/toquemonos.com\/index.php\/product\/double-donnes-big-dildos-lesbicos\/"},"modified":"2026-05-06T00:36:57","modified_gmt":"2026-05-06T00:36:57","slug":"double-donnes-big-dildos-lesbicos","status":"publish","type":"product","link":"https:\/\/toquemonos.com\/index.php\/product\/double-donnes-big-dildos-lesbicos\/","title":{"rendered":"Double Donnes BIG &#8211; Dildos l\u00e9sbicos"},"content":{"rendered":"<p><strong>Precio sugerido: S\/ 110<\/strong><\/p>\n<p>Double Donne BIG<\/p>\n<ul>\n<li><strong>Funcionamiento:<\/strong> Dildo de doble extremo dise\u00f1ado para uso individual o compartido, permite estimulaci\u00f3n simult\u00e1nea gracias a su forma alargada y flexible.<\/li>\n<li><strong>Funciones:<\/strong> Estimulaci\u00f3n doble, uso vaginal o anal, dise\u00f1o realista con textura venosa, material flexible que se adapta al cuerpo, apto para uso en ducha o ba\u00f1era.<\/li>\n<li><strong>Material:<\/strong> TPR suave y seguro para el cuerpo<\/li>\n<li><strong>Resistente al agua:<\/strong> S\u00ed (Waterproof)<\/li>\n<\/ul>\n","protected":false},"excerpt":{"rendered":"<p>Precio sugerido: S\/ 110 Double Donne BIG Funcionamiento: Dildo de doble extremo dise\u00f1ado para uso individual o compartido, permite estimulaci\u00f3n simult\u00e1nea gracias a su forma alargada y flexible. Funciones: Estimulaci\u00f3n doble, uso vaginal o anal, dise\u00f1o realista con textura venosa, material flexible que se adapta al cuerpo, apto para uso en ducha o ba\u00f1era. Material: [&hellip;]<\/p>\n","protected":false},"featured_media":5214,"comment_status":"open","ping_status":"closed","template":"","meta":[],"product_brand":[],"product_cat":[229,219],"product_tag":[],"class_list":{"0":"post-4682","1":"product","2":"type-product","3":"status-publish","4":"has-post-thumbnail","6":"product_cat-dildos","7":"product_cat-dildos-lesbicos","9":"first","10":"instock","11":"shipping-taxable","12":"purchasable","13":"product-type-simple"},"_links":{"self":[{"href":"https:\/\/toquemonos.com\/index.php\/wp-json\/wp\/v2\/product\/4682","targetHints":{"allow":["GET"]}}],"collection":[{"href":"https:\/\/toquemonos.com\/index.php\/wp-json\/wp\/v2\/product"}],"about":[{"href":"https:\/\/toquemonos.com\/index.php\/wp-json\/wp\/v2\/types\/product"}],"replies":[{"embeddable":true,"href":"https:\/\/toquemonos.com\/index.php\/wp-json\/wp\/v2\/comments?post=4682"}],"wp:featuredmedia":[{"embeddable":true,"href":"https:\/\/toquemonos.com\/index.php\/wp-json\/wp\/v2\/media\/5214"}],"wp:attachment":[{"href":"https:\/\/toquemonos.com\/index.php\/wp-json\/wp\/v2\/media?parent=4682"}],"wp:term":[{"taxonomy":"product_brand","embeddable":true,"href":"https:\/\/toquemonos.com\/index.php\/wp-json\/wp\/v2\/product_brand?post=4682"},{"taxonomy":"product_cat","embeddable":true,"href":"https:\/\/toquemonos.com\/index.php\/wp-json\/wp\/v2\/product_cat?post=4682"},{"taxonomy":"product_tag","embeddable":true,"href":"https:\/\/toquemonos.com\/index.php\/wp-json\/wp\/v2\/product_tag?post=4682"}],"curies":[{"name":"wp","href":"https:\/\/api.w.org\/{rel}","templated":true}]}}