{"id":4680,"date":"2026-05-06T00:36:57","date_gmt":"2026-05-06T00:36:57","guid":{"rendered":"http:\/\/toquemonos.com\/index.php\/product\/prostate-massager-estimulador-de-prostata\/"},"modified":"2026-05-06T00:36:57","modified_gmt":"2026-05-06T00:36:57","slug":"prostate-massager-estimulador-de-prostata","status":"publish","type":"product","link":"https:\/\/toquemonos.com\/index.php\/product\/prostate-massager-estimulador-de-prostata\/","title":{"rendered":"PROSTATE MASSAGER &#8211; Estimulador de pr\u00f3stata"},"content":{"rendered":"<p><strong>Precio sugerido: S\/ 200<\/strong><\/p>\n<p>PROSTATE MASSAGER<\/p>\n<ul>\n<li><strong>Funcionamiento:<\/strong> Masajeador con dise\u00f1o ergon\u00f3mico que se introduce c\u00f3modamente para estimular la pr\u00f3stata mientras el extremo redondeado estimula el perineo.<\/li>\n<li><strong>Funciones:<\/strong> 7 funciones de vibraci\u00f3n, 4 funciones de cosquilleo, estimulaci\u00f3n dual (pr\u00f3stata y perineo), mango de f\u00e1cil agarre para control preciso.<\/li>\n<li><strong>Material:<\/strong> Silicona suave y segura para el cuerpo<\/li>\n<li><strong>Alimentaci\u00f3n:<\/strong> Recargable por USB<\/li>\n<\/ul>\n","protected":false},"excerpt":{"rendered":"<p>Precio sugerido: S\/ 200 PROSTATE MASSAGER Funcionamiento: Masajeador con dise\u00f1o ergon\u00f3mico que se introduce c\u00f3modamente para estimular la pr\u00f3stata mientras el extremo redondeado estimula el perineo. Funciones: 7 funciones de vibraci\u00f3n, 4 funciones de cosquilleo, estimulaci\u00f3n dual (pr\u00f3stata y perineo), mango de f\u00e1cil agarre para control preciso. Material: Silicona suave y segura para el cuerpo [&hellip;]<\/p>\n","protected":false},"featured_media":5212,"comment_status":"open","ping_status":"closed","template":"","meta":[],"product_brand":[],"product_cat":[220],"product_tag":[],"class_list":{"0":"post-4680","1":"product","2":"type-product","3":"status-publish","4":"has-post-thumbnail","6":"product_cat-estimulador-de-prostata","8":"first","9":"instock","10":"shipping-taxable","11":"purchasable","12":"product-type-simple"},"_links":{"self":[{"href":"https:\/\/toquemonos.com\/index.php\/wp-json\/wp\/v2\/product\/4680","targetHints":{"allow":["GET"]}}],"collection":[{"href":"https:\/\/toquemonos.com\/index.php\/wp-json\/wp\/v2\/product"}],"about":[{"href":"https:\/\/toquemonos.com\/index.php\/wp-json\/wp\/v2\/types\/product"}],"replies":[{"embeddable":true,"href":"https:\/\/toquemonos.com\/index.php\/wp-json\/wp\/v2\/comments?post=4680"}],"wp:featuredmedia":[{"embeddable":true,"href":"https:\/\/toquemonos.com\/index.php\/wp-json\/wp\/v2\/media\/5212"}],"wp:attachment":[{"href":"https:\/\/toquemonos.com\/index.php\/wp-json\/wp\/v2\/media?parent=4680"}],"wp:term":[{"taxonomy":"product_brand","embeddable":true,"href":"https:\/\/toquemonos.com\/index.php\/wp-json\/wp\/v2\/product_brand?post=4680"},{"taxonomy":"product_cat","embeddable":true,"href":"https:\/\/toquemonos.com\/index.php\/wp-json\/wp\/v2\/product_cat?post=4680"},{"taxonomy":"product_tag","embeddable":true,"href":"https:\/\/toquemonos.com\/index.php\/wp-json\/wp\/v2\/product_tag?post=4680"}],"curies":[{"name":"wp","href":"https:\/\/api.w.org\/{rel}","templated":true}]}}