{"id":4664,"date":"2026-05-06T00:36:54","date_gmt":"2026-05-06T00:36:54","guid":{"rendered":"http:\/\/toquemonos.com\/index.php\/product\/darnell-fundas-extensoras\/"},"modified":"2026-05-06T00:36:54","modified_gmt":"2026-05-06T00:36:54","slug":"darnell-fundas-extensoras","status":"publish","type":"product","link":"https:\/\/toquemonos.com\/index.php\/product\/darnell-fundas-extensoras\/","title":{"rendered":"DARNELL &#8211; Fundas extensoras"},"content":{"rendered":"<p><strong>Precio sugerido: S\/ 90<\/strong><\/p>\n<p>DARNELL<\/p>\n<ul>\n<li><strong>Funcionamiento:<\/strong> Se coloca sobre el pene para aumentar longitud y grosor, adapt\u00e1ndose al contorno para un ajuste firme y c\u00f3modo.<\/li>\n<li><strong>Funciones:<\/strong> Aumenta el tama\u00f1o visual, mejora la estimulaci\u00f3n gracias a su textura con venas realistas y cabeza pronunciada, canal interno suave para mayor contacto.<\/li>\n<li><strong>Material:<\/strong> TPE ultra realista<\/li>\n<li><strong>Resistente al agua:<\/strong> S\u00ed (Waterproof)<\/li>\n<\/ul>\n","protected":false},"excerpt":{"rendered":"<p>Precio sugerido: S\/ 90 DARNELL Funcionamiento: Se coloca sobre el pene para aumentar longitud y grosor, adapt\u00e1ndose al contorno para un ajuste firme y c\u00f3modo. Funciones: Aumenta el tama\u00f1o visual, mejora la estimulaci\u00f3n gracias a su textura con venas realistas y cabeza pronunciada, canal interno suave para mayor contacto. Material: TPE ultra realista Resistente al [&hellip;]<\/p>\n","protected":false},"featured_media":5238,"comment_status":"open","ping_status":"closed","template":"","meta":[],"product_brand":[],"product_cat":[218,231],"product_tag":[],"class_list":{"0":"post-4664","1":"product","2":"type-product","3":"status-publish","4":"has-post-thumbnail","6":"product_cat-fundas-extensoras","7":"product_cat-fundas-y-protesis","9":"first","10":"instock","11":"shipping-taxable","12":"purchasable","13":"product-type-simple"},"_links":{"self":[{"href":"https:\/\/toquemonos.com\/index.php\/wp-json\/wp\/v2\/product\/4664","targetHints":{"allow":["GET"]}}],"collection":[{"href":"https:\/\/toquemonos.com\/index.php\/wp-json\/wp\/v2\/product"}],"about":[{"href":"https:\/\/toquemonos.com\/index.php\/wp-json\/wp\/v2\/types\/product"}],"replies":[{"embeddable":true,"href":"https:\/\/toquemonos.com\/index.php\/wp-json\/wp\/v2\/comments?post=4664"}],"wp:featuredmedia":[{"embeddable":true,"href":"https:\/\/toquemonos.com\/index.php\/wp-json\/wp\/v2\/media\/5238"}],"wp:attachment":[{"href":"https:\/\/toquemonos.com\/index.php\/wp-json\/wp\/v2\/media?parent=4664"}],"wp:term":[{"taxonomy":"product_brand","embeddable":true,"href":"https:\/\/toquemonos.com\/index.php\/wp-json\/wp\/v2\/product_brand?post=4664"},{"taxonomy":"product_cat","embeddable":true,"href":"https:\/\/toquemonos.com\/index.php\/wp-json\/wp\/v2\/product_cat?post=4664"},{"taxonomy":"product_tag","embeddable":true,"href":"https:\/\/toquemonos.com\/index.php\/wp-json\/wp\/v2\/product_tag?post=4664"}],"curies":[{"name":"wp","href":"https:\/\/api.w.org\/{rel}","templated":true}]}}