{"id":4615,"date":"2026-05-06T00:36:48","date_gmt":"2026-05-06T00:36:48","guid":{"rendered":"http:\/\/toquemonos.com\/index.php\/product\/moth-base-vibrador-rabbit\/"},"modified":"2026-05-06T00:36:48","modified_gmt":"2026-05-06T00:36:48","slug":"moth-base-vibrador-rabbit","status":"publish","type":"product","link":"https:\/\/toquemonos.com\/index.php\/product\/moth-base-vibrador-rabbit\/","title":{"rendered":"MOTH Base &#8211; Vibrador rabbit"},"content":{"rendered":"<p><strong>Precio Sugerido: S\/ 340.00<\/strong><\/p>\n<p>Vibrador rabbit con estimulaci\u00f3n combinada interna y externa, dise\u00f1ado para ofrecer placer intenso mediante vibraci\u00f3n y estimulaci\u00f3n tipo lamido.<\/p>\n<ul>\n<li>Material: Silicona<\/li>\n<li>Largo: 20.7 cm<\/li>\n<li>Ancho: 3.2 cm<\/li>\n<li>Color: Morado<\/li>\n<li>Funciones: 12 funciones de vibraci\u00f3n y 3 configuraciones de estimulaci\u00f3n tipo lamido<\/li>\n<\/ul>\n","protected":false},"excerpt":{"rendered":"<p>Precio Sugerido: S\/ 340.00 Vibrador rabbit con estimulaci\u00f3n combinada interna y externa, dise\u00f1ado para ofrecer placer intenso mediante vibraci\u00f3n y estimulaci\u00f3n tipo lamido. Material: Silicona Largo: 20.7 cm Ancho: 3.2 cm Color: Morado Funciones: 12 funciones de vibraci\u00f3n y 3 configuraciones de estimulaci\u00f3n tipo lamido<\/p>\n","protected":false},"featured_media":5276,"comment_status":"open","ping_status":"closed","template":"","meta":[],"product_brand":[],"product_cat":[210,186],"product_tag":[],"class_list":{"0":"post-4615","1":"product","2":"type-product","3":"status-publish","4":"has-post-thumbnail","6":"product_cat-vibrador-rabbit","7":"product_cat-vibradores","9":"first","10":"instock","11":"shipping-taxable","12":"purchasable","13":"product-type-simple"},"_links":{"self":[{"href":"https:\/\/toquemonos.com\/index.php\/wp-json\/wp\/v2\/product\/4615","targetHints":{"allow":["GET"]}}],"collection":[{"href":"https:\/\/toquemonos.com\/index.php\/wp-json\/wp\/v2\/product"}],"about":[{"href":"https:\/\/toquemonos.com\/index.php\/wp-json\/wp\/v2\/types\/product"}],"replies":[{"embeddable":true,"href":"https:\/\/toquemonos.com\/index.php\/wp-json\/wp\/v2\/comments?post=4615"}],"wp:featuredmedia":[{"embeddable":true,"href":"https:\/\/toquemonos.com\/index.php\/wp-json\/wp\/v2\/media\/5276"}],"wp:attachment":[{"href":"https:\/\/toquemonos.com\/index.php\/wp-json\/wp\/v2\/media?parent=4615"}],"wp:term":[{"taxonomy":"product_brand","embeddable":true,"href":"https:\/\/toquemonos.com\/index.php\/wp-json\/wp\/v2\/product_brand?post=4615"},{"taxonomy":"product_cat","embeddable":true,"href":"https:\/\/toquemonos.com\/index.php\/wp-json\/wp\/v2\/product_cat?post=4615"},{"taxonomy":"product_tag","embeddable":true,"href":"https:\/\/toquemonos.com\/index.php\/wp-json\/wp\/v2\/product_tag?post=4615"}],"curies":[{"name":"wp","href":"https:\/\/api.w.org\/{rel}","templated":true}]}}