{"id":4568,"date":"2026-05-06T00:36:40","date_gmt":"2026-05-06T00:36:40","guid":{"rendered":"http:\/\/toquemonos.com\/index.php\/product\/matt-blue-vibrador-clasico\/"},"modified":"2026-05-06T00:36:40","modified_gmt":"2026-05-06T00:36:40","slug":"matt-blue-vibrador-clasico","status":"publish","type":"product","link":"https:\/\/toquemonos.com\/index.php\/product\/matt-blue-vibrador-clasico\/","title":{"rendered":"MATT BLUE &#8211; Vibrador cl\u00e1sico"},"content":{"rendered":"<p><strong>Precio Sugerido: S\/ 220.00<\/strong><\/p>\n<p>Vibrador elegante y compacto fabricado en silicona suave, dise\u00f1ado para ofrecer placer intenso con un estilo moderno y discreto. Cuenta con 12 funciones de vibraci\u00f3n y funci\u00f3n de memoria que guarda tu modo favorito para que siempre empieces justo donde m\u00e1s te gusta. Su dise\u00f1o recargable lo hace pr\u00e1ctico y listo para acompa\u00f1arte en cada momento de placer.<\/p>\n<ul>\n<li>12 funciones de vibraci\u00f3n.<\/li>\n<li>Funci\u00f3n de memoria que recuerda el \u00faltimo modo utilizado.<\/li>\n<li>Dise\u00f1o compacto y elegante.<\/li>\n<li>Textura suave y sedosa al tacto.<\/li>\n<li>Ideal para estimulaci\u00f3n precisa y placentera.<\/li>\n<li>Material: Silicona segura para el cuerpo.<\/li>\n<li>Recargable por USB.<\/li>\n<li>F\u00e1cil de usar y limpiar.<\/li>\n<li>Perfecto para uso individual.<\/li>\n<li>Dise\u00f1ado para llevarte a un placer intenso y satisfactorio.<\/li>\n<\/ul>\n","protected":false},"excerpt":{"rendered":"<p>Precio Sugerido: S\/ 220.00 Vibrador elegante y compacto fabricado en silicona suave, dise\u00f1ado para ofrecer placer intenso con un estilo moderno y discreto. Cuenta con 12 funciones de vibraci\u00f3n y funci\u00f3n de memoria que guarda tu modo favorito para que siempre empieces justo donde m\u00e1s te gusta. Su dise\u00f1o recargable lo hace pr\u00e1ctico y listo [&hellip;]<\/p>\n","protected":false},"featured_media":5330,"comment_status":"open","ping_status":"closed","template":"","meta":[],"product_brand":[],"product_cat":[211,186],"product_tag":[],"class_list":{"0":"post-4568","1":"product","2":"type-product","3":"status-publish","4":"has-post-thumbnail","6":"product_cat-vibrador-clasico","7":"product_cat-vibradores","9":"first","10":"instock","11":"shipping-taxable","12":"purchasable","13":"product-type-simple"},"_links":{"self":[{"href":"https:\/\/toquemonos.com\/index.php\/wp-json\/wp\/v2\/product\/4568","targetHints":{"allow":["GET"]}}],"collection":[{"href":"https:\/\/toquemonos.com\/index.php\/wp-json\/wp\/v2\/product"}],"about":[{"href":"https:\/\/toquemonos.com\/index.php\/wp-json\/wp\/v2\/types\/product"}],"replies":[{"embeddable":true,"href":"https:\/\/toquemonos.com\/index.php\/wp-json\/wp\/v2\/comments?post=4568"}],"wp:featuredmedia":[{"embeddable":true,"href":"https:\/\/toquemonos.com\/index.php\/wp-json\/wp\/v2\/media\/5330"}],"wp:attachment":[{"href":"https:\/\/toquemonos.com\/index.php\/wp-json\/wp\/v2\/media?parent=4568"}],"wp:term":[{"taxonomy":"product_brand","embeddable":true,"href":"https:\/\/toquemonos.com\/index.php\/wp-json\/wp\/v2\/product_brand?post=4568"},{"taxonomy":"product_cat","embeddable":true,"href":"https:\/\/toquemonos.com\/index.php\/wp-json\/wp\/v2\/product_cat?post=4568"},{"taxonomy":"product_tag","embeddable":true,"href":"https:\/\/toquemonos.com\/index.php\/wp-json\/wp\/v2\/product_tag?post=4568"}],"curies":[{"name":"wp","href":"https:\/\/api.w.org\/{rel}","templated":true}]}}