{"id":4563,"date":"2026-05-06T00:36:39","date_gmt":"2026-05-06T00:36:39","guid":{"rendered":"http:\/\/toquemonos.com\/index.php\/product\/joyce-vibrador-huevo\/"},"modified":"2026-05-06T00:36:39","modified_gmt":"2026-05-06T00:36:39","slug":"joyce-vibrador-huevo","status":"publish","type":"product","link":"https:\/\/toquemonos.com\/index.php\/product\/joyce-vibrador-huevo\/","title":{"rendered":"JOYCE &#8211; Vibrador huevo"},"content":{"rendered":"<p><strong>Precio Sugerido: S\/ 160.00<\/strong><\/p>\n<p>Huevo vibrador discreto y compacto, ideal para una estimulaci\u00f3n precisa y momentos de placer en cualquier lugar. Dise\u00f1ado para el juego previo o para llevarlo puesto, permite que tu pareja tenga el control y te sorprenda con sensaciones intensas gracias a sus m\u00faltiples modos de vibraci\u00f3n. Su cuerpo de silicona suave lo hace c\u00f3modo, seguro y perfecto para disfrutar de forma espont\u00e1nea.<\/p>\n<ul>\n<li>12 funciones de vibraci\u00f3n.<\/li>\n<li>Funci\u00f3n de memoria para guardar el \u00faltimo modo utilizado.<\/li>\n<li>Estimulaci\u00f3n puntual y precisa.<\/li>\n<li>Dise\u00f1o discreto para uso interno o externo.<\/li>\n<li>Ideal para juegos previos y placer en pareja.<\/li>\n<li>Material: Silicona segura para el cuerpo.<\/li>\n<li>Recargable por USB.<\/li>\n<li>F\u00e1cil de usar y limpiar.<\/li>\n<li>Compacto y port\u00e1til.<\/li>\n<li>Perfecto para experiencias espont\u00e1neas.<\/li>\n<\/ul>\n","protected":false},"excerpt":{"rendered":"<p>Precio Sugerido: S\/ 160.00 Huevo vibrador discreto y compacto, ideal para una estimulaci\u00f3n precisa y momentos de placer en cualquier lugar. Dise\u00f1ado para el juego previo o para llevarlo puesto, permite que tu pareja tenga el control y te sorprenda con sensaciones intensas gracias a sus m\u00faltiples modos de vibraci\u00f3n. Su cuerpo de silicona suave [&hellip;]<\/p>\n","protected":false},"featured_media":5334,"comment_status":"open","ping_status":"closed","template":"","meta":[],"product_brand":[],"product_cat":[191,186],"product_tag":[],"class_list":{"0":"post-4563","1":"product","2":"type-product","3":"status-publish","4":"has-post-thumbnail","6":"product_cat-vibrador-huevo","7":"product_cat-vibradores","9":"first","10":"instock","11":"shipping-taxable","12":"purchasable","13":"product-type-simple"},"_links":{"self":[{"href":"https:\/\/toquemonos.com\/index.php\/wp-json\/wp\/v2\/product\/4563","targetHints":{"allow":["GET"]}}],"collection":[{"href":"https:\/\/toquemonos.com\/index.php\/wp-json\/wp\/v2\/product"}],"about":[{"href":"https:\/\/toquemonos.com\/index.php\/wp-json\/wp\/v2\/types\/product"}],"replies":[{"embeddable":true,"href":"https:\/\/toquemonos.com\/index.php\/wp-json\/wp\/v2\/comments?post=4563"}],"wp:featuredmedia":[{"embeddable":true,"href":"https:\/\/toquemonos.com\/index.php\/wp-json\/wp\/v2\/media\/5334"}],"wp:attachment":[{"href":"https:\/\/toquemonos.com\/index.php\/wp-json\/wp\/v2\/media?parent=4563"}],"wp:term":[{"taxonomy":"product_brand","embeddable":true,"href":"https:\/\/toquemonos.com\/index.php\/wp-json\/wp\/v2\/product_brand?post=4563"},{"taxonomy":"product_cat","embeddable":true,"href":"https:\/\/toquemonos.com\/index.php\/wp-json\/wp\/v2\/product_cat?post=4563"},{"taxonomy":"product_tag","embeddable":true,"href":"https:\/\/toquemonos.com\/index.php\/wp-json\/wp\/v2\/product_tag?post=4563"}],"curies":[{"name":"wp","href":"https:\/\/api.w.org\/{rel}","templated":true}]}}