{"id":4549,"date":"2026-05-06T00:36:36","date_gmt":"2026-05-06T00:36:36","guid":{"rendered":"http:\/\/toquemonos.com\/index.php\/product\/fitzgerald-vibrador-de-clitoris\/"},"modified":"2026-05-06T00:36:36","modified_gmt":"2026-05-06T00:36:36","slug":"fitzgerald-vibrador-de-clitoris","status":"publish","type":"product","link":"https:\/\/toquemonos.com\/index.php\/product\/fitzgerald-vibrador-de-clitoris\/","title":{"rendered":"FITZGERALD &#8211; Vibrador de cl\u00edtoris"},"content":{"rendered":"<p><strong>Precio Sugerido: S\/ 250.00<\/strong><\/p>\n<p>Wand vibrador de silicona s\u00faper suave con dise\u00f1o potente y ergon\u00f3mico, ideal para brindar placer intenso gracias a sus m\u00faltiples funciones y niveles de intensidad. Su cabeza sedosa ofrece una sensaci\u00f3n delicada y estimulante al contacto con la piel.<\/p>\n<ul>\n<li>7 funciones de vibraci\u00f3n.<\/li>\n<li>5 niveles de control de intensidad.<\/li>\n<li>Dise\u00f1o tipo wand para una estimulaci\u00f3n precisa y profunda.<\/li>\n<li>Cabezal de silicona ultra suave y sedosa.<\/li>\n<li>Material: Silicona segura para el cuerpo.<\/li>\n<li>Recargable por USB.<\/li>\n<li>F\u00e1cil de usar y limpiar.<\/li>\n<li>Ideal para relajaci\u00f3n y placer intenso.<\/li>\n<\/ul>\n<p>Vibrador de silicona ultra suave con dise\u00f1o ergon\u00f3mico y forma curva para estimular el punto G, combinado con un estimulador tipo conejo que intensifica el placer. Ideal para lograr sensaciones profundas, m\u00faltiples orgasmos y una experiencia suave y sedosa al contacto con la piel.<\/p>\n<ul>\n<li>7 funciones de vibraci\u00f3n.<\/li>\n<li>Funci\u00f3n de memoria que guarda el \u00faltimo modo utilizado.<\/li>\n<li>Dise\u00f1o doble para estimulaci\u00f3n interna y externa.<\/li>\n<li>Forma curva para una estimulaci\u00f3n precisa del punto G.<\/li>\n<li>Estimulaci\u00f3n adicional tipo conejo para mayor intensidad.<\/li>\n<li>Textura ultra suave y sedosa al tacto.<\/li>\n<li>Material: Silicona segura para el cuerpo.<\/li>\n<li>Recargable por USB.<\/li>\n<li>F\u00e1cil de usar y limpiar.<\/li>\n<li>Ideal para uso individual o en pareja.<\/li>\n<\/ul>\n","protected":false},"excerpt":{"rendered":"<p>Precio Sugerido: S\/ 250.00 Wand vibrador de silicona s\u00faper suave con dise\u00f1o potente y ergon\u00f3mico, ideal para brindar placer intenso gracias a sus m\u00faltiples funciones y niveles de intensidad. Su cabeza sedosa ofrece una sensaci\u00f3n delicada y estimulante al contacto con la piel. 7 funciones de vibraci\u00f3n. 5 niveles de control de intensidad. Dise\u00f1o tipo [&hellip;]<\/p>\n","protected":false},"featured_media":5350,"comment_status":"open","ping_status":"closed","template":"","meta":[],"product_brand":[],"product_cat":[199,186],"product_tag":[],"class_list":{"0":"post-4549","1":"product","2":"type-product","3":"status-publish","4":"has-post-thumbnail","6":"product_cat-vibrador-de-clitoris","7":"product_cat-vibradores","9":"first","10":"instock","11":"shipping-taxable","12":"purchasable","13":"product-type-simple"},"_links":{"self":[{"href":"https:\/\/toquemonos.com\/index.php\/wp-json\/wp\/v2\/product\/4549","targetHints":{"allow":["GET"]}}],"collection":[{"href":"https:\/\/toquemonos.com\/index.php\/wp-json\/wp\/v2\/product"}],"about":[{"href":"https:\/\/toquemonos.com\/index.php\/wp-json\/wp\/v2\/types\/product"}],"replies":[{"embeddable":true,"href":"https:\/\/toquemonos.com\/index.php\/wp-json\/wp\/v2\/comments?post=4549"}],"wp:featuredmedia":[{"embeddable":true,"href":"https:\/\/toquemonos.com\/index.php\/wp-json\/wp\/v2\/media\/5350"}],"wp:attachment":[{"href":"https:\/\/toquemonos.com\/index.php\/wp-json\/wp\/v2\/media?parent=4549"}],"wp:term":[{"taxonomy":"product_brand","embeddable":true,"href":"https:\/\/toquemonos.com\/index.php\/wp-json\/wp\/v2\/product_brand?post=4549"},{"taxonomy":"product_cat","embeddable":true,"href":"https:\/\/toquemonos.com\/index.php\/wp-json\/wp\/v2\/product_cat?post=4549"},{"taxonomy":"product_tag","embeddable":true,"href":"https:\/\/toquemonos.com\/index.php\/wp-json\/wp\/v2\/product_tag?post=4549"}],"curies":[{"name":"wp","href":"https:\/\/api.w.org\/{rel}","templated":true}]}}