{"id":4533,"date":"2026-05-06T00:36:34","date_gmt":"2026-05-06T00:36:34","guid":{"rendered":"http:\/\/toquemonos.com\/index.php\/product\/willie-bolas-vibradoras\/"},"modified":"2026-05-06T00:36:34","modified_gmt":"2026-05-06T00:36:34","slug":"willie-bolas-vibradoras","status":"publish","type":"product","link":"https:\/\/toquemonos.com\/index.php\/product\/willie-bolas-vibradoras\/","title":{"rendered":"WILLIE &#8211; Bolas vibradoras"},"content":{"rendered":"<p><strong>Precio Sugerido: S\/ 180.00<\/strong><\/p>\n<p>Juguete \u00edntimo recargable dise\u00f1ado para brindar placer intenso mientras ayuda a fortalecer los m\u00fasculos internos. Una vez insertadas, sus esferas estimulan las terminaciones nerviosas y provocan suaves contracciones que contribuyen a tonificar y fortalecer la zona \u00edntima.<\/p>\n<ul>\n<li>12 funciones de vibraci\u00f3n.<\/li>\n<li>Estimulaci\u00f3n interna placentera y efectiva.<\/li>\n<li>Ayuda a fortalecer y tonificar los m\u00fasculos vaginales.<\/li>\n<li>Promueve una mayor sensibilidad y control muscular.<\/li>\n<li>Ideal para combinar placer y ejercicio \u00edntimo.<\/li>\n<li>Dise\u00f1o c\u00f3modo y seguro para el uso interno.<\/li>\n<li>Material: Silicona suave y segura para el cuerpo.<\/li>\n<li>Recargable por USB.<\/li>\n<\/ul>\n","protected":false},"excerpt":{"rendered":"<p>Precio Sugerido: S\/ 180.00 Juguete \u00edntimo recargable dise\u00f1ado para brindar placer intenso mientras ayuda a fortalecer los m\u00fasculos internos. Una vez insertadas, sus esferas estimulan las terminaciones nerviosas y provocan suaves contracciones que contribuyen a tonificar y fortalecer la zona \u00edntima. 12 funciones de vibraci\u00f3n. Estimulaci\u00f3n interna placentera y efectiva. Ayuda a fortalecer y tonificar [&hellip;]<\/p>\n","protected":false},"featured_media":5365,"comment_status":"open","ping_status":"closed","template":"","meta":[],"product_brand":[],"product_cat":[194,227],"product_tag":[],"class_list":{"0":"post-4533","1":"product","2":"type-product","3":"status-publish","4":"has-post-thumbnail","6":"product_cat-bolas-vibradoras","7":"product_cat-suelo-pelvico","9":"first","10":"instock","11":"shipping-taxable","12":"purchasable","13":"product-type-simple"},"_links":{"self":[{"href":"https:\/\/toquemonos.com\/index.php\/wp-json\/wp\/v2\/product\/4533","targetHints":{"allow":["GET"]}}],"collection":[{"href":"https:\/\/toquemonos.com\/index.php\/wp-json\/wp\/v2\/product"}],"about":[{"href":"https:\/\/toquemonos.com\/index.php\/wp-json\/wp\/v2\/types\/product"}],"replies":[{"embeddable":true,"href":"https:\/\/toquemonos.com\/index.php\/wp-json\/wp\/v2\/comments?post=4533"}],"wp:featuredmedia":[{"embeddable":true,"href":"https:\/\/toquemonos.com\/index.php\/wp-json\/wp\/v2\/media\/5365"}],"wp:attachment":[{"href":"https:\/\/toquemonos.com\/index.php\/wp-json\/wp\/v2\/media?parent=4533"}],"wp:term":[{"taxonomy":"product_brand","embeddable":true,"href":"https:\/\/toquemonos.com\/index.php\/wp-json\/wp\/v2\/product_brand?post=4533"},{"taxonomy":"product_cat","embeddable":true,"href":"https:\/\/toquemonos.com\/index.php\/wp-json\/wp\/v2\/product_cat?post=4533"},{"taxonomy":"product_tag","embeddable":true,"href":"https:\/\/toquemonos.com\/index.php\/wp-json\/wp\/v2\/product_tag?post=4533"}],"curies":[{"name":"wp","href":"https:\/\/api.w.org\/{rel}","templated":true}]}}