{"id":4510,"date":"2026-05-06T00:36:30","date_gmt":"2026-05-06T00:36:30","guid":{"rendered":"http:\/\/toquemonos.com\/index.php\/product\/debby-vibrador-huevo\/"},"modified":"2026-05-06T00:36:30","modified_gmt":"2026-05-06T00:36:30","slug":"debby-vibrador-huevo","status":"publish","type":"product","link":"https:\/\/toquemonos.com\/index.php\/product\/debby-vibrador-huevo\/","title":{"rendered":"DEBBY &#8211; Vibrador huevo"},"content":{"rendered":"<p><strong>Precio Sugerido: S\/ 150.00<\/strong><\/p>\n<p>Vibrador tipo bala con control remoto, dise\u00f1ado con contornos suaves y redondeados para brindar sensaciones de masaje intensas y placenteras. Ideal para estimulaci\u00f3n precisa y c\u00f3moda, permite cambiar de modo f\u00e1cilmente durante el uso gracias a su pr\u00e1ctico control inal\u00e1mbrico.<\/p>\n<ul>\n<li>12 funciones de vibraci\u00f3n.<\/li>\n<li>Control remoto inal\u00e1mbrico para un manejo c\u00f3modo y discreto.<\/li>\n<li>Dise\u00f1o compacto con forma redondeada para estimulaci\u00f3n focalizada.<\/li>\n<li>Ideal para estimulaci\u00f3n clitoriana, de pezones y otras zonas er\u00f3genas.<\/li>\n<li>Perfecto para juegos en pareja o uso individual.<\/li>\n<li>Textura suave que proporciona agradables sensaciones de masaje.<\/li>\n<li>Material: Silicona segura para el cuerpo.<\/li>\n<li>Alimentaci\u00f3n: 1 pila AAA para el vibrador y 1 pila AAA para el control remoto.<\/li>\n<\/ul>\n","protected":false},"excerpt":{"rendered":"<p>Precio Sugerido: S\/ 150.00 Vibrador tipo bala con control remoto, dise\u00f1ado con contornos suaves y redondeados para brindar sensaciones de masaje intensas y placenteras. Ideal para estimulaci\u00f3n precisa y c\u00f3moda, permite cambiar de modo f\u00e1cilmente durante el uso gracias a su pr\u00e1ctico control inal\u00e1mbrico. 12 funciones de vibraci\u00f3n. Control remoto inal\u00e1mbrico para un manejo c\u00f3modo [&hellip;]<\/p>\n","protected":false},"featured_media":5389,"comment_status":"open","ping_status":"closed","template":"","meta":[],"product_brand":[],"product_cat":[191,186],"product_tag":[],"class_list":{"0":"post-4510","1":"product","2":"type-product","3":"status-publish","4":"has-post-thumbnail","6":"product_cat-vibrador-huevo","7":"product_cat-vibradores","9":"first","10":"instock","11":"shipping-taxable","12":"purchasable","13":"product-type-simple"},"_links":{"self":[{"href":"https:\/\/toquemonos.com\/index.php\/wp-json\/wp\/v2\/product\/4510","targetHints":{"allow":["GET"]}}],"collection":[{"href":"https:\/\/toquemonos.com\/index.php\/wp-json\/wp\/v2\/product"}],"about":[{"href":"https:\/\/toquemonos.com\/index.php\/wp-json\/wp\/v2\/types\/product"}],"replies":[{"embeddable":true,"href":"https:\/\/toquemonos.com\/index.php\/wp-json\/wp\/v2\/comments?post=4510"}],"wp:featuredmedia":[{"embeddable":true,"href":"https:\/\/toquemonos.com\/index.php\/wp-json\/wp\/v2\/media\/5389"}],"wp:attachment":[{"href":"https:\/\/toquemonos.com\/index.php\/wp-json\/wp\/v2\/media?parent=4510"}],"wp:term":[{"taxonomy":"product_brand","embeddable":true,"href":"https:\/\/toquemonos.com\/index.php\/wp-json\/wp\/v2\/product_brand?post=4510"},{"taxonomy":"product_cat","embeddable":true,"href":"https:\/\/toquemonos.com\/index.php\/wp-json\/wp\/v2\/product_cat?post=4510"},{"taxonomy":"product_tag","embeddable":true,"href":"https:\/\/toquemonos.com\/index.php\/wp-json\/wp\/v2\/product_tag?post=4510"}],"curies":[{"name":"wp","href":"https:\/\/api.w.org\/{rel}","templated":true}]}}