{"id":4508,"date":"2026-05-06T00:36:30","date_gmt":"2026-05-06T00:36:30","guid":{"rendered":"http:\/\/toquemonos.com\/index.php\/product\/ward-vibrador-rabbit\/"},"modified":"2026-05-06T00:36:30","modified_gmt":"2026-05-06T00:36:30","slug":"ward-vibrador-rabbit","status":"publish","type":"product","link":"https:\/\/toquemonos.com\/index.php\/product\/ward-vibrador-rabbit\/","title":{"rendered":"WARD &#8211; Vibrador rabbit"},"content":{"rendered":"<p><strong>Precio Sugerido: S\/ 380.00<\/strong><\/p>\n<p>Vibrador tipo rabbit multifunci\u00f3n de alta tecnolog\u00eda con movimiento de empuje (thrusting), dise\u00f1ado para brindar una experiencia de estimulaci\u00f3n intensa y realista. Combina vibraci\u00f3n, rotaci\u00f3n y movimiento de penetraci\u00f3n para una sensaci\u00f3n completa y profundamente placentera.<\/p>\n<ul>\n<li>12 funciones de vibraci\u00f3n.<\/li>\n<li>4 funciones de rotaci\u00f3n.<\/li>\n<li>Funci\u00f3n de empuje (thrusting) que simula el movimiento de penetraci\u00f3n.<\/li>\n<li>Dise\u00f1o tipo rabbit para doble estimulaci\u00f3n: punto G y cl\u00edtoris.<\/li>\n<li>Estimulador clitoriano lateral potente con orejitas flexibles.<\/li>\n<li>Eje principal realista con movimiento vertical autom\u00e1tico.<\/li>\n<li>Controles f\u00e1ciles de usar con m\u00faltiples velocidades.<\/li>\n<li>Ideal para quienes buscan una experiencia m\u00e1s intensa y realista.<\/li>\n<li>Material: Silicona de alta calidad, suave y segura para el cuerpo.<\/li>\n<li>Recargable por USB.<\/li>\n<\/ul>\n","protected":false},"excerpt":{"rendered":"<p>Precio Sugerido: S\/ 380.00 Vibrador tipo rabbit multifunci\u00f3n de alta tecnolog\u00eda con movimiento de empuje (thrusting), dise\u00f1ado para brindar una experiencia de estimulaci\u00f3n intensa y realista. Combina vibraci\u00f3n, rotaci\u00f3n y movimiento de penetraci\u00f3n para una sensaci\u00f3n completa y profundamente placentera. 12 funciones de vibraci\u00f3n. 4 funciones de rotaci\u00f3n. Funci\u00f3n de empuje (thrusting) que simula el [&hellip;]<\/p>\n","protected":false},"featured_media":5387,"comment_status":"open","ping_status":"closed","template":"","meta":[],"product_brand":[],"product_cat":[210,186],"product_tag":[],"class_list":{"0":"post-4508","1":"product","2":"type-product","3":"status-publish","4":"has-post-thumbnail","6":"product_cat-vibrador-rabbit","7":"product_cat-vibradores","9":"first","10":"instock","11":"shipping-taxable","12":"purchasable","13":"product-type-simple"},"_links":{"self":[{"href":"https:\/\/toquemonos.com\/index.php\/wp-json\/wp\/v2\/product\/4508","targetHints":{"allow":["GET"]}}],"collection":[{"href":"https:\/\/toquemonos.com\/index.php\/wp-json\/wp\/v2\/product"}],"about":[{"href":"https:\/\/toquemonos.com\/index.php\/wp-json\/wp\/v2\/types\/product"}],"replies":[{"embeddable":true,"href":"https:\/\/toquemonos.com\/index.php\/wp-json\/wp\/v2\/comments?post=4508"}],"wp:featuredmedia":[{"embeddable":true,"href":"https:\/\/toquemonos.com\/index.php\/wp-json\/wp\/v2\/media\/5387"}],"wp:attachment":[{"href":"https:\/\/toquemonos.com\/index.php\/wp-json\/wp\/v2\/media?parent=4508"}],"wp:term":[{"taxonomy":"product_brand","embeddable":true,"href":"https:\/\/toquemonos.com\/index.php\/wp-json\/wp\/v2\/product_brand?post=4508"},{"taxonomy":"product_cat","embeddable":true,"href":"https:\/\/toquemonos.com\/index.php\/wp-json\/wp\/v2\/product_cat?post=4508"},{"taxonomy":"product_tag","embeddable":true,"href":"https:\/\/toquemonos.com\/index.php\/wp-json\/wp\/v2\/product_tag?post=4508"}],"curies":[{"name":"wp","href":"https:\/\/api.w.org\/{rel}","templated":true}]}}