{"id":4501,"date":"2026-05-06T00:36:29","date_gmt":"2026-05-06T00:36:29","guid":{"rendered":"http:\/\/toquemonos.com\/index.php\/product\/rudolf-vibrador-de-clitoris\/"},"modified":"2026-05-06T00:36:29","modified_gmt":"2026-05-06T00:36:29","slug":"rudolf-vibrador-de-clitoris","status":"publish","type":"product","link":"https:\/\/toquemonos.com\/index.php\/product\/rudolf-vibrador-de-clitoris\/","title":{"rendered":"RUDOLF &#8211; Vibrador de cl\u00edtoris"},"content":{"rendered":"<p><strong>Precio Sugerido: S\/ 100.00<\/strong><\/p>\n<p>Estimulador vibrador dise\u00f1ado para despertar tu cuerpo con vibraciones precisas y una cabeza texturizada que intensifica cada sensaci\u00f3n. Ideal para la estimulaci\u00f3n del cl\u00edtoris o los pezones, su dise\u00f1o flexible y compacto permite explorar el placer de una manera divertida, atrevida y completamente personalizada.<\/p>\n<ul>\n<li>30 funciones de vibraci\u00f3n para una experiencia variada e intensa.<\/li>\n<li>Cabezal texturizado que potencia la estimulaci\u00f3n.<\/li>\n<li>Estimulaci\u00f3n focalizada para cl\u00edtoris y pezones.<\/li>\n<li>Dise\u00f1o flexible y ergon\u00f3mico.<\/li>\n<li>Tama\u00f1o compacto, f\u00e1cil de manejar y transportar.<\/li>\n<li>Material: Silicona suave y segura para el cuerpo.<\/li>\n<li>Alimentaci\u00f3n: 2 pilas AAA.<\/li>\n<li>Ideal para juegos previos, exploraci\u00f3n personal o como complemento en pareja.<\/li>\n<\/ul>\n","protected":false},"excerpt":{"rendered":"<p>Precio Sugerido: S\/ 100.00 Estimulador vibrador dise\u00f1ado para despertar tu cuerpo con vibraciones precisas y una cabeza texturizada que intensifica cada sensaci\u00f3n. Ideal para la estimulaci\u00f3n del cl\u00edtoris o los pezones, su dise\u00f1o flexible y compacto permite explorar el placer de una manera divertida, atrevida y completamente personalizada. 30 funciones de vibraci\u00f3n para una experiencia [&hellip;]<\/p>\n","protected":false},"featured_media":5396,"comment_status":"open","ping_status":"closed","template":"","meta":[],"product_brand":[],"product_cat":[199,186],"product_tag":[],"class_list":{"0":"post-4501","1":"product","2":"type-product","3":"status-publish","4":"has-post-thumbnail","6":"product_cat-vibrador-de-clitoris","7":"product_cat-vibradores","9":"first","10":"instock","11":"shipping-taxable","12":"purchasable","13":"product-type-simple"},"_links":{"self":[{"href":"https:\/\/toquemonos.com\/index.php\/wp-json\/wp\/v2\/product\/4501","targetHints":{"allow":["GET"]}}],"collection":[{"href":"https:\/\/toquemonos.com\/index.php\/wp-json\/wp\/v2\/product"}],"about":[{"href":"https:\/\/toquemonos.com\/index.php\/wp-json\/wp\/v2\/types\/product"}],"replies":[{"embeddable":true,"href":"https:\/\/toquemonos.com\/index.php\/wp-json\/wp\/v2\/comments?post=4501"}],"wp:featuredmedia":[{"embeddable":true,"href":"https:\/\/toquemonos.com\/index.php\/wp-json\/wp\/v2\/media\/5396"}],"wp:attachment":[{"href":"https:\/\/toquemonos.com\/index.php\/wp-json\/wp\/v2\/media?parent=4501"}],"wp:term":[{"taxonomy":"product_brand","embeddable":true,"href":"https:\/\/toquemonos.com\/index.php\/wp-json\/wp\/v2\/product_brand?post=4501"},{"taxonomy":"product_cat","embeddable":true,"href":"https:\/\/toquemonos.com\/index.php\/wp-json\/wp\/v2\/product_cat?post=4501"},{"taxonomy":"product_tag","embeddable":true,"href":"https:\/\/toquemonos.com\/index.php\/wp-json\/wp\/v2\/product_tag?post=4501"}],"curies":[{"name":"wp","href":"https:\/\/api.w.org\/{rel}","templated":true}]}}