{"id":4496,"date":"2026-05-06T00:36:28","date_gmt":"2026-05-06T00:36:28","guid":{"rendered":"http:\/\/toquemonos.com\/index.php\/product\/fitch-vibradores-anales\/"},"modified":"2026-05-06T00:36:28","modified_gmt":"2026-05-06T00:36:28","slug":"fitch-vibradores-anales","status":"publish","type":"product","link":"https:\/\/toquemonos.com\/index.php\/product\/fitch-vibradores-anales\/","title":{"rendered":"FITCH &#8211; Vibradores anales"},"content":{"rendered":"<p><strong>Precio Sugerido: S\/ 120.00<\/strong><\/p>\n<p>Plug anal vibrador de alta calidad dise\u00f1ado para brindar una estimulaci\u00f3n intensa y placentera. Su forma con bulbo proporciona una sensaci\u00f3n de llenado satisfactoria, mientras que el masajeador de perineo potencia el placer de forma completa.<\/p>\n<ul>\n<li>10 funciones de vibraci\u00f3n para diferentes niveles de intensidad.<\/li>\n<li>Dise\u00f1o con eje abultado para una estimulaci\u00f3n profunda.<\/li>\n<li>Masajeador de perineo integrado para mayor placer.<\/li>\n<li>Vibraci\u00f3n potente que activa las terminaciones nerviosas.<\/li>\n<li>Material: Silicona segura para el cuerpo.<\/li>\n<li>Textura lisa para una inserci\u00f3n m\u00e1s c\u00f3moda.<\/li>\n<li>Fuente de energ\u00eda: 1 pila AAA.<\/li>\n<li>Dise\u00f1o ergon\u00f3mico y f\u00e1cil de usar.<\/li>\n<li>Recomendable usar lubricante para una mejor experiencia.<\/li>\n<\/ul>\n","protected":false},"excerpt":{"rendered":"<p>Precio Sugerido: S\/ 120.00 Plug anal vibrador de alta calidad dise\u00f1ado para brindar una estimulaci\u00f3n intensa y placentera. Su forma con bulbo proporciona una sensaci\u00f3n de llenado satisfactoria, mientras que el masajeador de perineo potencia el placer de forma completa. 10 funciones de vibraci\u00f3n para diferentes niveles de intensidad. Dise\u00f1o con eje abultado para una [&hellip;]<\/p>\n","protected":false},"featured_media":5403,"comment_status":"open","ping_status":"closed","template":"","meta":[],"product_brand":[],"product_cat":[228,197],"product_tag":[],"class_list":{"0":"post-4496","1":"product","2":"type-product","3":"status-publish","4":"has-post-thumbnail","6":"product_cat-anales","7":"product_cat-vibradores-anales","9":"first","10":"instock","11":"shipping-taxable","12":"purchasable","13":"product-type-simple"},"_links":{"self":[{"href":"https:\/\/toquemonos.com\/index.php\/wp-json\/wp\/v2\/product\/4496","targetHints":{"allow":["GET"]}}],"collection":[{"href":"https:\/\/toquemonos.com\/index.php\/wp-json\/wp\/v2\/product"}],"about":[{"href":"https:\/\/toquemonos.com\/index.php\/wp-json\/wp\/v2\/types\/product"}],"replies":[{"embeddable":true,"href":"https:\/\/toquemonos.com\/index.php\/wp-json\/wp\/v2\/comments?post=4496"}],"wp:featuredmedia":[{"embeddable":true,"href":"https:\/\/toquemonos.com\/index.php\/wp-json\/wp\/v2\/media\/5403"}],"wp:attachment":[{"href":"https:\/\/toquemonos.com\/index.php\/wp-json\/wp\/v2\/media?parent=4496"}],"wp:term":[{"taxonomy":"product_brand","embeddable":true,"href":"https:\/\/toquemonos.com\/index.php\/wp-json\/wp\/v2\/product_brand?post=4496"},{"taxonomy":"product_cat","embeddable":true,"href":"https:\/\/toquemonos.com\/index.php\/wp-json\/wp\/v2\/product_cat?post=4496"},{"taxonomy":"product_tag","embeddable":true,"href":"https:\/\/toquemonos.com\/index.php\/wp-json\/wp\/v2\/product_tag?post=4496"}],"curies":[{"name":"wp","href":"https:\/\/api.w.org\/{rel}","templated":true}]}}