{"id":4483,"date":"2026-05-06T00:36:26","date_gmt":"2026-05-06T00:36:26","guid":{"rendered":"http:\/\/toquemonos.com\/index.php\/product\/bruno-vibrator-vibrador-rabbit\/"},"modified":"2026-05-06T00:36:26","modified_gmt":"2026-05-06T00:36:26","slug":"bruno-vibrator-vibrador-rabbit","status":"publish","type":"product","link":"https:\/\/toquemonos.com\/index.php\/product\/bruno-vibrator-vibrador-rabbit\/","title":{"rendered":"BRUNO VIBRATOR &#8211; Vibrador rabbit"},"content":{"rendered":"<p><strong>Precio Sugerido: S\/ 180.00<\/strong><\/p>\n<p>Vibrador rotativo de silicona dise\u00f1ado para ofrecer una estimulaci\u00f3n intensa y placentera. Combina vibraci\u00f3n con un eje curvado que masajea el punto G, mientras sus potentes orejitas estimulan el cl\u00edtoris para una experiencia completa.<\/p>\n<ul>\n<li>7 funciones de vibraci\u00f3n con diferentes frecuencias.<\/li>\n<li>Eje curvado para una estimulaci\u00f3n precisa del punto G.<\/li>\n<li>Funci\u00f3n rotativa interna que intensifica las sensaciones.<\/li>\n<li>Orejitas estimuladoras para el cl\u00edtoris.<\/li>\n<li>Material: Silicona de alta calidad, suave y sedosa al tacto.<\/li>\n<li>Dise\u00f1o ergon\u00f3mico para mayor comodidad durante el uso.<\/li>\n<li>Fuente de energ\u00eda: 2 pilas AAA.<\/li>\n<\/ul>\n","protected":false},"excerpt":{"rendered":"<p>Precio Sugerido: S\/ 180.00 Vibrador rotativo de silicona dise\u00f1ado para ofrecer una estimulaci\u00f3n intensa y placentera. Combina vibraci\u00f3n con un eje curvado que masajea el punto G, mientras sus potentes orejitas estimulan el cl\u00edtoris para una experiencia completa. 7 funciones de vibraci\u00f3n con diferentes frecuencias. Eje curvado para una estimulaci\u00f3n precisa del punto G. Funci\u00f3n [&hellip;]<\/p>\n","protected":false},"featured_media":5414,"comment_status":"open","ping_status":"closed","template":"","meta":[],"product_brand":[],"product_cat":[210,186],"product_tag":[],"class_list":{"0":"post-4483","1":"product","2":"type-product","3":"status-publish","4":"has-post-thumbnail","6":"product_cat-vibrador-rabbit","7":"product_cat-vibradores","9":"first","10":"instock","11":"shipping-taxable","12":"purchasable","13":"product-type-simple"},"_links":{"self":[{"href":"https:\/\/toquemonos.com\/index.php\/wp-json\/wp\/v2\/product\/4483","targetHints":{"allow":["GET"]}}],"collection":[{"href":"https:\/\/toquemonos.com\/index.php\/wp-json\/wp\/v2\/product"}],"about":[{"href":"https:\/\/toquemonos.com\/index.php\/wp-json\/wp\/v2\/types\/product"}],"replies":[{"embeddable":true,"href":"https:\/\/toquemonos.com\/index.php\/wp-json\/wp\/v2\/comments?post=4483"}],"wp:featuredmedia":[{"embeddable":true,"href":"https:\/\/toquemonos.com\/index.php\/wp-json\/wp\/v2\/media\/5414"}],"wp:attachment":[{"href":"https:\/\/toquemonos.com\/index.php\/wp-json\/wp\/v2\/media?parent=4483"}],"wp:term":[{"taxonomy":"product_brand","embeddable":true,"href":"https:\/\/toquemonos.com\/index.php\/wp-json\/wp\/v2\/product_brand?post=4483"},{"taxonomy":"product_cat","embeddable":true,"href":"https:\/\/toquemonos.com\/index.php\/wp-json\/wp\/v2\/product_cat?post=4483"},{"taxonomy":"product_tag","embeddable":true,"href":"https:\/\/toquemonos.com\/index.php\/wp-json\/wp\/v2\/product_tag?post=4483"}],"curies":[{"name":"wp","href":"https:\/\/api.w.org\/{rel}","templated":true}]}}