{"id":1214,"date":"2026-04-03T05:22:26","date_gmt":"2026-04-03T05:22:26","guid":{"rendered":"http:\/\/toquemonos.com\/index.php\/product\/bi-040142-vibrador-anal-van-10-modos-pretty-love\/"},"modified":"2026-04-05T04:15:49","modified_gmt":"2026-04-05T04:15:49","slug":"bi-040142-vibrador-anal-van-10-modos-pretty-love","status":"publish","type":"product","link":"https:\/\/toquemonos.com\/index.php\/product\/bi-040142-vibrador-anal-van-10-modos-pretty-love\/","title":{"rendered":"VAN &#8211; Vibrador Anal"},"content":{"rendered":"<p><strong>Precio sugerido: S\/ 220<\/strong><\/p>\n<p>Van Vibrator Anal<\/p>\n<ul>\n<li><strong>Funcionamiento:<\/strong> Vibrador anal con dise\u00f1o de cuentas para estimulaci\u00f3n progresiva y mango ergon\u00f3mico de f\u00e1cil agarre.<\/li>\n<li><strong>Funciones:<\/strong> 10 funciones de vibraci\u00f3n con diferentes intensidades y patrones, ideal para uso en solitario o en pareja.<\/li>\n<li><strong>Material:<\/strong> Silicona suave e higi\u00e9nica, segura para el cuerpo<\/li>\n<li><strong>Alimentaci\u00f3n:<\/strong> Recargable por USB<\/li>\n<li><strong>Resistente al agua:<\/strong> S\u00ed (Waterproof)<\/li>\n<\/ul>\n","protected":false},"excerpt":{"rendered":"<p>Vibrador anal con 10 modos de vibraci\u00f3n, dise\u00f1o ergon\u00f3mico y recargable por USB.<\/p>\n","protected":false},"featured_media":4046,"comment_status":"open","ping_status":"closed","template":"","meta":[],"product_brand":[],"product_cat":[186],"product_tag":[],"class_list":{"0":"post-1214","1":"product","2":"type-product","3":"status-publish","4":"has-post-thumbnail","6":"product_cat-vibradores","8":"first","9":"instock","10":"shipping-taxable","11":"purchasable","12":"product-type-simple"},"_links":{"self":[{"href":"https:\/\/toquemonos.com\/index.php\/wp-json\/wp\/v2\/product\/1214","targetHints":{"allow":["GET"]}}],"collection":[{"href":"https:\/\/toquemonos.com\/index.php\/wp-json\/wp\/v2\/product"}],"about":[{"href":"https:\/\/toquemonos.com\/index.php\/wp-json\/wp\/v2\/types\/product"}],"replies":[{"embeddable":true,"href":"https:\/\/toquemonos.com\/index.php\/wp-json\/wp\/v2\/comments?post=1214"}],"wp:featuredmedia":[{"embeddable":true,"href":"https:\/\/toquemonos.com\/index.php\/wp-json\/wp\/v2\/media\/4046"}],"wp:attachment":[{"href":"https:\/\/toquemonos.com\/index.php\/wp-json\/wp\/v2\/media?parent=1214"}],"wp:term":[{"taxonomy":"product_brand","embeddable":true,"href":"https:\/\/toquemonos.com\/index.php\/wp-json\/wp\/v2\/product_brand?post=1214"},{"taxonomy":"product_cat","embeddable":true,"href":"https:\/\/toquemonos.com\/index.php\/wp-json\/wp\/v2\/product_cat?post=1214"},{"taxonomy":"product_tag","embeddable":true,"href":"https:\/\/toquemonos.com\/index.php\/wp-json\/wp\/v2\/product_tag?post=1214"}],"curies":[{"name":"wp","href":"https:\/\/api.w.org\/{rel}","templated":true}]}}